{"id":97,"date":"2025-01-01T15:08:16","date_gmt":"2025-01-01T14:08:16","guid":{"rendered":"https:\/\/les3clesdelame.com\/?page_id=97"},"modified":"2025-05-20T22:26:50","modified_gmt":"2025-05-20T20:26:50","slug":"lahochi","status":"publish","type":"page","link":"https:\/\/les3clesdelame.com\/?page_id=97","title":{"rendered":"Lahochi"},"content":{"rendered":"\n<div class=\"wp-block-media-text is-stacked-on-mobile\" style=\"grid-template-columns:30% auto\"><figure class=\"wp-block-media-text__media\"><img loading=\"lazy\" decoding=\"async\" width=\"417\" height=\"279\" src=\"http:\/\/les3clesdelame.com\/wp-content\/uploads\/2025\/05\/telechargement.jpeg\" alt=\"\" class=\"wp-image-555 size-full\" srcset=\"https:\/\/les3clesdelame.com\/wp-content\/uploads\/2025\/05\/telechargement.jpeg 417w, https:\/\/les3clesdelame.com\/wp-content\/uploads\/2025\/05\/telechargement-300x201.jpeg 300w\" sizes=\"auto, (max-width: 417px) 100vw, 417px\" \/><\/figure><div class=\"wp-block-media-text__content\">\n<p>Ce soin \u00e9nerg\u00e9tique tr\u00e8s haute fr\u00e9quence favorise la gu\u00e9rison en profondeur. Il apporte un grand apaisement, renforce le syst\u00e8me \u00e9nerg\u00e9tique, et aide \u00e0 dissoudre les blocages li\u00e9s aux chocs, aux blessures et aux sch\u00e9mas anciens.<\/p>\n<\/div><\/div>\n","protected":false},"excerpt":{"rendered":"<p>Ce soin \u00e9nerg\u00e9tique tr\u00e8s haute fr\u00e9quence favorise la gu\u00e9rison en profondeur. Il apporte un grand apaisement, renforce le syst\u00e8me \u00e9nerg\u00e9tique, et aide \u00e0 dissoudre les blocages li\u00e9s aux chocs, aux blessures et aux sch\u00e9mas anciens.<\/p>\n","protected":false},"author":1,"featured_media":0,"parent":0,"menu_order":0,"comment_status":"closed","ping_status":"closed","template":"wp-custom-template-modele4","meta":{"footnotes":""},"class_list":["post-97","page","type-page","status-publish","hentry"],"_links":{"self":[{"href":"https:\/\/les3clesdelame.com\/index.php?rest_route=\/wp\/v2\/pages\/97","targetHints":{"allow":["GET"]}}],"collection":[{"href":"https:\/\/les3clesdelame.com\/index.php?rest_route=\/wp\/v2\/pages"}],"about":[{"href":"https:\/\/les3clesdelame.com\/index.php?rest_route=\/wp\/v2\/types\/page"}],"author":[{"embeddable":true,"href":"https:\/\/les3clesdelame.com\/index.php?rest_route=\/wp\/v2\/users\/1"}],"replies":[{"embeddable":true,"href":"https:\/\/les3clesdelame.com\/index.php?rest_route=%2Fwp%2Fv2%2Fcomments&post=97"}],"version-history":[{"count":5,"href":"https:\/\/les3clesdelame.com\/index.php?rest_route=\/wp\/v2\/pages\/97\/revisions"}],"predecessor-version":[{"id":556,"href":"https:\/\/les3clesdelame.com\/index.php?rest_route=\/wp\/v2\/pages\/97\/revisions\/556"}],"wp:attachment":[{"href":"https:\/\/les3clesdelame.com\/index.php?rest_route=%2Fwp%2Fv2%2Fmedia&parent=97"}],"curies":[{"name":"wp","href":"https:\/\/api.w.org\/{rel}","templated":true}]}}