{"id":205,"date":"2025-04-14T22:45:33","date_gmt":"2025-04-14T20:45:33","guid":{"rendered":"https:\/\/les3clesdelame.com\/?page_id=205"},"modified":"2025-05-20T22:39:39","modified_gmt":"2025-05-20T20:39:39","slug":"ateliers-de-reconnexion-au-corps-et-danse","status":"publish","type":"page","link":"https:\/\/les3clesdelame.com\/?page_id=205","title":{"rendered":"Ateliers de reconnexion au corps et danse"},"content":{"rendered":"\n<p>Explorez votre corps \u00e0 travers le mouvement et la danse pour lib\u00e9rer les \u00e9motions et renforcer votre bien-\u00eatre.<\/p>\n","protected":false},"excerpt":{"rendered":"<p>Explorez votre corps \u00e0 travers le mouvement et la danse pour lib\u00e9rer les \u00e9motions et renforcer votre bien-\u00eatre.<\/p>\n","protected":false},"author":1,"featured_media":0,"parent":0,"menu_order":0,"comment_status":"closed","ping_status":"closed","template":"wp-custom-template-modele4","meta":{"footnotes":""},"class_list":["post-205","page","type-page","status-publish","hentry"],"_links":{"self":[{"href":"https:\/\/les3clesdelame.com\/index.php?rest_route=\/wp\/v2\/pages\/205","targetHints":{"allow":["GET"]}}],"collection":[{"href":"https:\/\/les3clesdelame.com\/index.php?rest_route=\/wp\/v2\/pages"}],"about":[{"href":"https:\/\/les3clesdelame.com\/index.php?rest_route=\/wp\/v2\/types\/page"}],"author":[{"embeddable":true,"href":"https:\/\/les3clesdelame.com\/index.php?rest_route=\/wp\/v2\/users\/1"}],"replies":[{"embeddable":true,"href":"https:\/\/les3clesdelame.com\/index.php?rest_route=%2Fwp%2Fv2%2Fcomments&post=205"}],"version-history":[{"count":2,"href":"https:\/\/les3clesdelame.com\/index.php?rest_route=\/wp\/v2\/pages\/205\/revisions"}],"predecessor-version":[{"id":613,"href":"https:\/\/les3clesdelame.com\/index.php?rest_route=\/wp\/v2\/pages\/205\/revisions\/613"}],"wp:attachment":[{"href":"https:\/\/les3clesdelame.com\/index.php?rest_route=%2Fwp%2Fv2%2Fmedia&parent=205"}],"curies":[{"name":"wp","href":"https:\/\/api.w.org\/{rel}","templated":true}]}}